 + 2/(-15) a prime number?
False
Let x = -724 - -1198. Let o(n) = 4*n**3 - n**2 + n - 1. Let f be o(1). Suppose f*t = 9*t - x. Is t prime?
True
Suppose -4*a = -51 + 3. Let p be (15/a)/((-1)/4). Is ((-429)/(-55))/((-1)/p) a prime number?
False
Let q = -168 + 173. Suppose p - 3*a - 1370 = 20, -q*p - 5*a = -7010. Is p composite?
False
Let m be 2/(-4)*(6 + 0). Is (1/m)/(2/(2822*-3)) prime?
False
Let q = 263 + 609. Let g = -423 + 4. Let u = q + g. Is u a prime number?
False
Suppose -2*o - 7*o = -27. Suppose 11*y = o*y. Suppose y = 4*j + 2*j - 228. Is j a prime number?
False
Suppose 1072*q - 2160*q = -1060*q - 15386812. Is q composite?
True
Is (-7791482)/(-13) + 1809/7839 prime?
False
Suppose -13*i = -22*i - 73431. Let x = 14244 + i. Is x a composite number?
True
Let q(h) = h - 2. Let t be (-105)/(-28) - (-2)/8. Let f be q(t). Let a(z) = 16*z**3 + z**2 - z - 3. Is a(f) composite?
False
Let f = 109239 + 53740. Is f prime?
False
Let v(t) = -14*t - 126. Let q be v(24). Let a = q - -1403. Is a a prime number?
True
Let d(q) = q**2 + 7*q + 11. Let c be d(-3). Is (23918/4)/c*-2 composite?
False
Suppose -5*h + 763032 = -4*z + 2127888, 0 = 5*z - 2*h - 1706053. Is z a prime number?
False
Let u(y) = -y**2 - 6*y + 2. Let g be 2/(-3)*((-44)/(-4) - 2). Let q be u(g). Is 63/42 - (-743)/q a prime number?
True
Suppose -3*k = -1451 + 332. Suppose -372*u - 18806 = -k*u. Is u a composite number?
True
Let x = -23 + 25. Suppose -4*p + x*z + 1316 = 0, 0 = -5*p + z + 1319 + 326. Let s = 478 - p. Is s prime?
True
Let q(y) = 778*y**3 - 34*y**2 - 8*y + 49. Is q(8) prime?
False
Suppose -2318666 = -82*d - 21108. Is d composite?
False
Let t(l) = 2*l**3 - 2*l**2 - 15*l - 44. Suppose -4*u = 4*x - 68, 7*u - 11*u - 2*x = -60. Is t(u) a prime number?
False
Let s = -104 + 108. Suppose 3*b - 10424 = -s*w - b, 0 = -b - 5. Is w composite?
True
Let m(q) = q**2 + 10*q + 24. Let y be m(-9). Let w = 19 - y. Let v(i) = 1428*i - 11. Is v(w) prime?
True
Let k(r) = 821*r**2 - 130*r - 13. Is k(-12) composite?
False
Suppose 3*k = 3*l + 42 + 3, 5*l + 75 = 3*k. Let a be ((-22)/(-5) - 2)/((-6)/l). Is (0 - -2)*39/a prime?
True
Suppose -11*y + 8*y = 300. Let m = y + 101. Suppose a + m = -3, -416 = -2*p - 3*a. Is p a prime number?
False
Suppose 6246391 = 11*q + 134398 + 468410. Is q a prime number?
True
Suppose 3*o = 5*n + 1196, -5*o - 21*n + 22*n + 2008 = 0. Suppose -o = -5*x + 19313. Is x a prime number?
True
Let t(o) = -1366*o - 1700. Is t(-31) composite?
True
Let z(h) = 6*h**3 + 117*h**2 + 5*h - 47. Is z(-7) a prime number?
True
Let u(f) = -f**3 + 3*f**2 - 2*f + 2. Let g be u(2). Suppose 4*z - 2140 = 4*b, -g*b - 2675 = -5*z - 0*b. Let k = 932 - z. Is k composite?
False
Let p(g) = 480651*g**2 + 148*g + 146. Is p(-1) prime?
False
Suppose 3*h = -5*r + 68, 2*h = 3*r - 2*r + 67. Suppose -34*a + 9669 = -h*a. Is a a prime number?
False
Let a be (49/(-7) - -14)*(-7848)/(-14). Let t = a - 1951. Is t composite?
False
Let z be 4/10 + -1 + (-7)/5. Let o be z/1 + (9 - -1251). Let q = -815 + o. Is q a prime number?
True
Let a = 223252 + -35391. Is a a prime number?
True
Suppose -3*p + 2*k + 3*k + 28 = 0, 3*p = -3*k - 12. Let d be 14*p*(2 + 6/(-12)). Suppose 25*z - d*z = 8612. Is z a composite number?
False
Let f = -210 + 223. Suppose -2*t - 5*h = 2, 3*t + 5*h + 14 = 4*t. Suppose -f*s = -t*s - 4491. Is s a prime number?
True
Is 35511072/201 - 1*13 prime?
False
Suppose -522217 - 733599 = -4*a. Suppose 82363 = -57*u + a. Is u composite?
True
Suppose -5*s - 56 = -326. Suppose 3089 = -4*u + 3105. Suppose -u*r + 466 = 2*a + s, 0 = -r - 3*a + 103. Is r a composite number?
False
Let r be 334960/45 - 12/(-27). Suppose 863*h = 867*h - r. Is h composite?
False
Let m = 606 - 141. Is (53/2)/(m/58 + -8) a composite number?
True
Let v(s) = -568*s**2 + 0*s + 3*s + 564*s**2 + s**3 + 11 - 4*s. Let y be v(5). Suppose -y*p - 10516 = -35*p. Is p a prime number?
False
Suppose -9*t + 11*t - 107108 = 5*n, n = 6. Is t composite?
False
Let d(l) = 3*l**2 + 62*l + 2444. Is d(-65) a composite number?
True
Let d(s) = 1002*s**2 - 355*s - 159. Is d(-14) prime?
True
Let v(o) = -6*o + 108. Let b be v(16). Suppose -5*a - 3*s + 20541 = -4*s, b = 3*s. Is a prime?
False
Let z(j) = 2*j**2 - 2*j - 3. Let c be z(-1). Let a be 2650/(-15)*(-4 + c). Suppose 0 = -6*h + 4*h + a. Is h a prime number?
False
Suppose -z = -5*q + 17, 0 = 2*z + 5*q - 11 - 15. Suppose 3*l - 377 = z*y + 1729, -l + 707 = -2*y. Is l a prime number?
False
Suppose -591*u + 14 = -584*u. Suppose u*z + 4562 = 15836. Is z composite?
True
Let k(z) = -2*z**3 + z - 2. Let l be k(1). Is 1/(l*3/(-25263)) composite?
True
Suppose -5*s = 2*z - 69, 0 = -4*z + 2*s - 57 + 231. Suppose z*a = -14955 + 406017. Is a a composite number?
False
Suppose 0 = -t - 1395 + 1418. Suppose t - 24166 = -l. Is l a prime number?
False
Let h(n) be the third derivative of 13*n**6/10 + n**5/60 - n**4/24 + n**3/6 + n**2. Suppose 14*m = 10*m - 5*g + 29, 14 = -m + 3*g. Is h(m) a prime number?
True
Suppose 0*c + 52736 = 2*c - 2*d, -3*c - d + 79120 = 0. Let y = -15541 + c. Is y composite?
False
Let u(k) = -56*k**2 - 14. Let x(s) = -35*s + 35*s - 56*s**2 - 13. Let w(b) = 2*u(b) - 3*x(b). Is w(-4) prime?
True
Let u = 25 + -23. Let f be (u - -8)*(-1 - -4). Suppose -3*g + 303 + f = 0. Is g composite?
True
Let q(x) = -60*x**3 - x**2 + x + 1. Let d be q(-1). Let v = d + 44. Suppose 8 = -2*r, r = u - 152 - v. Is u a prime number?
True
Suppose 21*g = -9*g + 389430. Is g composite?
True
Let s(u) = -u**3 - 2*u**2 - 6*u - 5. Let r be s(-1). Suppose i + 9 - 4 = r. Is (-2 + 147/(-6))*2*i a prime number?
False
Let w(k) = -11*k**3 - k**2 + 2*k - 1. Let b be w(-2). Suppose -9*g + 5*g - 2 = -2*a, 0 = -3*a - 3. Is ((-1)/1)/(g/b) a composite number?
False
Suppose -70*b + 64*b + 211806 = 0. Suppose -2*a + 21187 = 3*o - 6*a, -4*a - b = -5*o. Is o prime?
True
Let r(i) = -43813*i - 5197. Is r(-8) a prime number?
True
Suppose -16*r - o - 794677 = -17*r, 5*r - 4*o = 3973382. Is r prime?
False
Let v(a) = -2*a - 34. Let m be v(-15). Let t(s) = -342*s - 101*s + 59*s - 698*s + 29. Is t(m) composite?
False
Suppose 0*n - 6*n = -9060. Suppose 590 + n = 10*w. Is 0*4/8 + (w - -1) prime?
True
Let k(a) = -a**3 - 99*a**2 + 113*a - 1787. Is k(-110) a composite number?
True
Suppose 2*o = 3*w + 11 - 3, -2*o = 4*w + 34. Let r(z) = 24*z**2 - 14*z + 5. Is r(w) prime?
True
Suppose 0 = -65*m + 278*m - 38041161. Is m composite?
False
Let a(p) = -101*p**2 + p + 2. Let w be a(-4). Let n = w - -4339. Is n composite?
True
Let n(j) = -j**2 + 19*j - 34. Let g be n(16). Let w be (-602)/(-8) + -1 + g/8. Suppose -2*k + 2271 = -x, -5*k = -x - 5594 - w. Is k a prime number?
False
Is (-216)/(-252) + 409124/14 + 3 a prime number?
False
Let s = -55284 + 377015. Is s composite?
True
Let z = -12 - -13. Let i(u) = 2034*u**3 - 5*u**2 + 4. Is i(z) composite?
True
Let w = -31 - -65. Suppose 26*l + 1048 = w*l. Is l a composite number?
False
Let n = -203538 - -382699. Is n a prime number?
True
Let g be 14/(-1)*24/(-7). Suppose -g = -0*z - 4*z. Let a(l) = 50*l + 41. Is a(z) a composite number?
False
Let i be 70/15 + (-2)/3. Suppose -6*v + 3*v + n = -6313, 0 = i*v + 2*n - 8404. Suppose -u = 4*z - 701, 0 = -2*u - u + 5*z + v. Is u a composite number?
False
Suppose 70*o + 12*o = 6486446. Is o composite?
False
Let w(k) = k**3 + 329*k**2 + 180*k - 53. Is w(47) prime?
True
Suppose 0 = -303*i + 58*i + 30612995. Is i composite?
False
Let m(c) = -6*c - 18. Let d be m(-3). Is d - (-5 + 9 + -3113) prime?
True
Let c = 2108 - 6425. Let s = -3208 - 2902. Let d = c - s. Is d a prime number?
False
Let r(y) be the third derivative of 0*y + 3/10*y**5 + 0 + 1/120*y**6 - 21*y**2 + 13/24*y**4 - 3/2*y**3. Is r(-16) a composite number?
True
Let k(a) = 1337*a - 78. Let j be k(-3). Let d = 10580 - j. Is d a composite number?
False
Let l(z) = -z**3 - 2*z**2 + 3*z + 5. Suppose -4*u + 24 = -4. Let t(c) = c**2 - 8*c + 2. Let b be t(u). Is l(b) prime?
False
Suppose -m + 2*m = -7. Let u(v) = -56*v**2 + v - 4. Let j(z) = 55*z**2 - z + 3. Let i(f) = 3*j(f) + 2*u(f). Is i(m) prime?
False
Let d(m) = 113*m - 6. Is d(45) composite?
True
Suppose q + 5*b = -9, -10*b + 8 = -14*b. Suppose c - 5*h + 11 = 0, -c - q = -5*c + 5*h. Suppose -8*s + 13436 = -c*s. Is s a prime number?
True
Let j = 60859 - 22352. Is j prime?
False
Let i be